e value of 7 + (0 - -7) + -4 - -6 - 2?
14
Evaluate 16 + (-1 + -6 - 16).
-7
What is the value of 10 + -50 - -42 - (-28 - -3)?
27
Evaluate -7 - (-23 - (5 - 32)).
-11
Evaluate (37 - 55 - -29) + -5.
6
Calculate 8 + (-11 - (-19 + 2)).
14
0 + (-8 - 6) + 0
-14
Evaluate -570 + 559 + (23 - 0).
12
What is -6 + 11 - (-2 + 4)?
3
What is the value of 103 - 123 - (11 + -40)?
9
What is 1 + -9 + (-7 - -23 - -9)?
17
Calculate -23 + 0 - ((15 + 0 - 28) + 10).
-20
What is the value of -5 + 1 - (121 - 109)?
-16
-13 + -17 + (-6 - -14) + -1
-23
-19 + 0 - ((-5 - 20) + 18)
-12
What is the value of 103 - 136 - (2 + -10 - 0)?
-25
(-8 - -55) + -25 - 49
-27
(-5 - (-7 - 14)) + 1 + -3
14
What is the value of (-1 - -16) + (-542 - -544)?
17
Evaluate (1 - (10 - -4)) + -107 + 117.
-3
What is (5 - 2) + -12 + 1 + -10?
-18
-2 - -15 - (5 - -17 - 4)
-5
Evaluate (-4 - (-3 - -5)) + -9.
-15
Evaluate 7 + -2 + 1 + (-39 - 38 - -89).
18
What is 8 + -4 + -1 + (4 - (-4 - -9))?
2
Evaluate 9 - (-10 - (0 + -11)).
8
What is the value of (-45 + 13 - -15) + 5 + 1?
-11
Evaluate -1 + 5 + -4 - ((5 - 8) + -6).
9
Calculate -10 + 12 - ((6 - (-4 - -7)) + 0).
-1
-32 + 49 + (-2 - 6)
9
What is -13 + (0 - -14) - 6?
-5
Evaluate 0 + -3 - (1 + 12 - 20) - 15.
-11
What is -46 + -1 + 3 + 51 + -14 + -29?
-36
Evaluate -11 + 3 + (4 + 5 - 7 - 10).
-16
What is 16 + (0 - 5) + (28 - 26)?
13
What is the value of -5 + -6 + (7 - -9) + -10 + -1?
-6
(23 - (4 + 16 - 8)) + (1 - 41)
-29
What is (19 - -1) + (65 - 63) + -2?
20
What is -1 + (-12 - (-7 + 4 + 1))?
-11
Evaluate 3 + 1 - (-13 + 24).
-7
What is -33 + 9 + (3 - 6 - (-9 - -2))?
-20
1 - (13 + 9 + (-17 - -3))
-7
What is the value of 4 - ((-2 - -7) + -18 + 0)?
17
Evaluate (4 - 3) + -7 - (-56 - -62).
-12
Evaluate (35 - 57 - -27) + (0 + 1 - -2).
8
What is (3 + -2 - ((-9 - -15) + -7)) + 8?
10
Evaluate -3 + (-8 - (12 + -4)).
-19
What is 17 + -26 + (-3 + 5 - -4)?
-3
Evaluate -7 - (-1 + -1 + (0 - 11)).
6
What is the value of -9 + (13 - (-4 - -9) - 10)?
-11
What is the value of 4 + (55 + -62 - (-7 + 1))?
3
What is 6 + 3 + -1 + -4 + -7?
-3
What is the value of 8 + (13 - (14 + 1))?
6
Evaluate (-7 - -10) + (-3 + -4 + 11 - 8).
-1
What is the value of 5 + 1 - (16 + -47 + 26)?
11
What is the value of 7 + (0 + 1 - (21 + (27 - 49)))?
9
Calculate -90 + 91 + (8 + -2 - -6).
13
-7 - (0 + 12 + -16)
-3
What is 7 + -12 + (33 - 5)?
23
Calculate 3 + (-9 - (9 - (43 - 10))) + -7.
11
Calculate (-3 - -2) + -3 + 2.
-2
Evaluate -3 + 7 + (-1 - -4) + -4.
3
(13 - 0 - (4 + 4)) + -6 - -1
0
Calculate -66 - -62 - (6 - 1).
-9
What is the value of -1 + 7 - (7 + -17 + (-8 - -18))?
6
Calculate -100 - -58 - (-3 - (-6 + (5 - -5))).
-35
Evaluate -6 + 14 + -4 + -14.
-10
What is the value of (13 - (-4 + 11)) + -5 - 3?
-2
What is the value of 14 + -17 - -14 - 1?
10
Calculate -6 + 17 - (54 + -52).
9
(-5 - 37) + 23 + 19
0
Calculate (4 - (-5 + 23 - 5)) + 1 + -3.
-11
Calculate 1 - 3 - -4 - (-2 - -17 - 15).
2
Calculate 45 - (64 + -36) - 31.
-14
9 - (-9 - (-4 - 20))
-6
Evaluate (0 - 20) + 48 + -26.
2
Evaluate 3 + (9 - 10) + -7 - (1 - 12).
6
Evaluate -13 + -1 + -7 + 14 + (7 - 5).
-5
What is (-67 + 65 - (-11 + 1)) + -9?
-1
(-17 - -17 - -2) + 5
7
Evaluate (1 - -1) + -3 - 2.
-3
Evaluate -178 - -182 - (12 + (-3 - -1)).
-6
What is the value of -7 + (15 + -30 - -28) + 18?
24
Calculate (30 - 32) + 6 + (0 - 0).
4
22 + -12 + 22 + -19
13
Calculate -9 - (-3 + -1 + 24 + -50).
21
What is the value of -233 - -224 - (-19 + 0)?
10
-1 - ((8 - 3) + -5 + 4 + -30)
25
Evaluate 17 + -1 - (-148 + 204) - -15.
-25
What is ((-4 - -1) + -1 - -3) + 8 + -8?
-1
Evaluate 10 + 1 - (86 - 83).
8
What is the value of 13 + 2 + 18 + 18 + -19?
32
What is the value of 2 - (13 + -46 + 25)?
10
Evaluate -151 + 144 - (3 - 4) - 3.
-9
What is the value of (-8 - (-12 + -21)) + 17 - 1?
41
-1 + 0 + 11 + (-1023 - -1029)
16
What is the value of -14 + -7 + 15 + (-1 - 6)?
-13
Evaluate -19 - (9 + -30) - (2 - (2 + 4)).
6
Evaluate 8 - -4 - (3 + 13 + -10).
6
What is the value of (-329 - -328) + (23 - 0)?
22
What is the value of (19 - (-14 - -22)) + -8 - (20 - 0)?
-17
-43 + 9 - (14 - 29 - -11)
-30
Evaluate (-28 - -14 - -8) + 14 + (-2 - 6).
0
Evaluate 0 + -19 - 2 - (19 - (-54 + 76)).
-18
What is the value of 12 - 2 - ((-4 - -41) + -41)?
14
What is the value of (18 - (-4 - -5)) + (92 - 105)?
4
What is 8 - (-5 + 2 + 15)?
-4
What is the value of 0 + (3 + 26 - 20) + (0 - -5)?
14
Evaluate 0 + 13 + -1 - (-2 + 2).
12
Evaluate -27 + -15 + 36 - 19.
-25
What is the value of -8 + -8 + 16 + 19?
19
Calculate (62 - 25) + -21 - 23.
-7
What is 28 - (-3 - (-8 - 36))?
-13
-10 + -7 + -9 + 15
-11
-23 - (-19 - 18) - (-1 + 0)
15
15 + 7 + -17 + -1
4
What is 33 + -27 - (-7 - (-4 + 5))?
14
What is -22 - (-38 + (44 - 22))?
-6
Calculate -7 - ((-12 - -2) + -5 - 6).
14
What is 2 + 1 + (-3 - (-6 - 5))?
11
What is 10 - -1 - (-23 - (-1 + (-4 - 10)))?
19
Calculate (37 - 0) + (173 - 181).
29
Calculate -2 - (-11 - -23) - -5.
-9
What is the value of -9 - (33 - 5) - -72?
35
What is -15 - ((27 - (27 + -16)) + -3 + -3)?
-25
Calculate 8 - (3 - -2) - 6.
-3
Calculate (0 - (3 - (-5 - (-1 + -3)))) + 0.
-4
Calculate (6 - 2 - 6 - (-6 + -2)) + 7.
13
What is the value of -1 - (-5 - (-8 - (0 - 2 - 7)))?
5
Evaluate -8 - ((-5 - -2) + 4 + -1).
-8
9 + (10 + -8 - (4 + 0)) - -13
20
Evaluate 1 + -3 + 5 + 8 + 12 + -4.
19
What is 12 + (12 - 31) - 10?
-17
(-19 - -32) + -21 - ((2 - 3) + 11)
-18
What is the value of -2 - 15 - (25 + -40) - -1?
-1
Evaluate -6 + 0 - (-11 + 7 + 5).
-7
Evaluate (-1 - (11 - 4 - 6)) + -1 + 16.
13
Evaluate 9 + (21 - 29) + 5.
6
Calculate -15 - 0 - -21 - (-27 - -7).
26
What is 17 - (-14 + 29) - 15 - (2 - -1)?
-16
Evaluate -6 - (28 + -5) - 5.
-34
Calculate -4 + 11 - 1 - -4.
10
What is the value of (13 - 18 - -40) + -15?
20
Calculate 8 + -16 + 2 + -4.
-10
What is the value of -11 - (0 - ((6 - -27) + -10))?
12
Calculate (0 - 3) + -1 + 346 + -330.
12
Calculate (-6 - -7 - 3 - 7) + (54 - 35).
10
What is the value of (-21 + 5 - -19) + -24?
-21
What is the value of 3 + (1 - 6) + 12 + -24 + 7?
-7
What is -8 - ((18 - 25) + -26)?
25
Evaluate 10 - (8 + -27 + -5).
34
Evaluate -15 + 9 + (-16 + 2 - -14).
-6
What is the value of 7 + 4 + (-43 - -27)?
-5
101 - 52 - 75 - (1 - 1 - 8)
-18
What is -3 - ((-28 - -15) + 2) - 25?
-17
Evaluate 22 - (14 + 4) - (1 - -3).
0
What is -100 + 95 + 1 + -7?
-11
What is the value of 6 + 10 + -6 - 40 - (6 + 2)?
-38
Calculate (-9 - (-4 + -5)) + -4 - -10.
6
What is 3 + (7 - (-7 + 2)) + -2?
13
Evaluate -20 - (9 - (25 - 11)).
-15
What is the value of 3 - 31 - -13 - (-8 + 1) - 6?
-14
What is the value of 2 - (-24 + -6 + 32) - (-2 - 1)?
3
7 + -8 + 4 + -1 - (-105 - -75)
32
(-2 - -1) + (0 + -14 - (-132 - -110))
7
What is 31 + 28 + (-1 - 17)?
41
-16 - (-32 + 4 - -22)
-10
-14 - (9 + -29 + 2)
4
Evaluate 6 - (7 + -4) - (-30 + 22).
11
Calculate 12 + (12 - (19 - 5)).
10
What is the value of 1 + (-1 + 15 - (22 - -1))?
-8
Evaluate -418 - -412 - (2 + 0 + -3 + 1).
-6
Calculate (87 - (56 + 4)) + (2 - (-2 - -7)).
24
(-8 - (-24 - -12)) + (1 - 13)
-8
What is -34 + 13 - (10 + -29) - -16?
14
Calculate -4 + (2 - (-3 - -6)) + (3 - -14).
12
Calculate 14 + -37 + (-12 - -30).
-5
Calculate (11 - (-9 - -20)) + (11 - -4) + -10.
5
(2 - (27 - -2)) + -4 + (191 - 184)
-24
Evaluate 1 - -2 - ((-11 - -16) + -17).
15
What is the value of (-11 - -47) + -13 - 24?
-1
Calculate 8 + (19 - 10) - (-2 - -11).
8
What is (3 - (13 + -6)) + 16 + 0 - -1?
13
What is (-6 - (-7 - (2 + 5 + -8))) + -7?
-7
What is 3 - (3 - (5 + -14))?
-9
Calculate 0 + -5 + (-20 - (8 + -22)).
-11
What is the value of -1 - -23 - (4 - ((-14 - -36) + -18))?
22
Evaluate -2 - (4 - 12) - (11 - 4 - 2).
1
Calculate 10 - (-25 - -19 - (1 + 1) - -1).
17
What is the value of 2 + -48 - (-26 + 5)?
-25
Evaluate -10 + -10 - (-5 - 2 - 2).
-11
Evaluate -1 - (12 + (-3 - -3) + 0).
-13
What is the value of -112 + 92 + (7 - -2)?
-11
Evaluate 19 + (1 + 8 - 26 - -8).
10
Evaluate 17 + -16 + (40 - 0) - 16.
25
Calculate 12 + -8 + -15 + (-3 + 1 - -7).
-6
What is (0 - (2 + -5)) + (-39 - -52)?
16
Calculate -20 + (17 - 38) + 23.
-18
(6 - 10) + -9 + 3 + 10 + -6
-6
-10 + -4 + (16 + 11 - 4)
9
Calculate (4 - 21) + (-1 - ((2 - 3) + -4)).
-13
What is (-6 + -6 + 2 - -6 - 1) + -1?
-6
What is the value of 14 + -2 + 4 + 2 + 1?
19
19 + 12 + (9 + -14 - 8)
18
Evaluate 13 - (6 - (2 + -3)) - (10 + -2).
-2
Calculate 11 + (-4 -